hat is the units digit of c?
8
Let c(z) = -296*z + 54. Suppose -114*a + 63 = -135*a. What is the tens digit of c(a)?
4
Let j(o) = -384*o - 67. Suppose -4*y - 21 = 3*m, 4*y = 2*m - 6 - 0. What is the hundreds digit of j(y)?
0
Suppose 29*x = 33*x + 696. What is the hundreds digit of (1716/(-234))/((-1 + 2)/x)?
2
Suppose -6482 = 51*u - 58*u. Let c = u + -498. What is the units digit of c?
8
Let i = -3815 + 2590. Let o = -686 - i. What is the hundreds digit of o?
5
Let i = -4529 + 24184. What is the tens digit of i?
5
Let m(p) = -20*p - 89. Let u be m(-11). What is the units digit of u - (-2 + (-6)/3)?
5
Let r(p) = 56*p - 1 - 23*p - 24*p. Let a(m) = m + 10. Let f be a(-5). What is the tens digit of r(f)?
4
Let i = -358 - -363. Suppose -i*z = -d + 6*d - 1945, 778 = 2*d - z. What is the units digit of d?
9
Let n be (-46)/(-14) - (-44)/(-154). Suppose 0 = 4*y - 10*d + 14*d - 2288, n*y + 2*d = 1715. What is the tens digit of y?
7
Suppose b - 9*b = -1032. Let z(r) = 2*r - r - 14 + 130*r**2 - b*r**2. What is the tens digit of z(13)?
6
Suppose -4*o = 0, 0*o + 3*o = -2*k + 14. Let w(x) = x**3 + 2*x**2 - 15*x + 9. Let p be w(k). What is the hundreds digit of (-2 + -2)/((-10)/p)?
1
Suppose 3*u + d - 3*d + 4 = 0, 5*u + d = 2. Suppose 237 = -3*v + 3*q, -3*q + 399 = -u*v - 5*v. Let f = -48 - v. What is the units digit of f?
3
Suppose -t + 14 = 4*l, -3*t + 19 = 5*l - 2. Suppose -w = -5*g - 45, -3*w + 116 = t*g + 2*g. What is the tens digit of w?
4
Let d(m) = -30*m**2 + 15*m - 4. Let l be d(2). Let n = l - -202. What is the hundreds digit of n?
1
Suppose -1009152 = -2174*j + 2142*j. What is the hundreds digit of j?
5
Let m be 28/36 + 1 - 2/(-9). Suppose -m*k = 12 - 50. Suppose 132 = -15*y + k*y. What is the tens digit of y?
3
Let r(a) = a**2 + 10*a + 29. Let u be r(-5). Suppose 3*j + 3*q = 2*j + 880, -u*j = q - 3487. What is the hundreds digit of j?
8
Let o = -47631 + 83699. What is the thousands digit of o?
6
Let c(z) = z**3 - 9*z**2 - 2*z + 18. Let w = -10 - -19. Let u be c(w). Suppose -15*k + 13*k + 334 = u. What is the units digit of k?
7
Suppose a - 64 = -65, x + 5*a = 441. Let z = x - 216. What is the units digit of z?
0
What is the units digit of (-1090)/(-8 + 342/45)?
5
Suppose -1 = -3*s + 4*g + 15, -g - 21 = -5*s. Suppose 4*c - 5*x = 209 + 1856, s*c + 5*x = 2055. What is the units digit of c?
5
Let y(x) = -x**3 + 8*x**2. Let l be y(8). Let o = l - -26. Suppose 0 = o*p - 28*p + 322. What is the tens digit of p?
6
What is the thousands digit of 40954/10 - (-76)/(-190)?
4
Let j(v) = 4*v**2 - 13*v + 8. Suppose 0 = 5*d + 5*h + 15, -3*d + h = 6*h + 5. What is the hundreds digit of j(d)?
1
Let u(t) = 1593*t - 9. What is the hundreds digit of u(9)?
3
Let b(o) = o**2 + 333*o + 22. What is the tens digit of b(22)?
3
Suppose -2*r - 3*x + 7 + 8 = 0, 5*r + x - 18 = 0. Let z be 4*(-2)/32*-4. What is the units digit of r - (z*-58 - 4)?
5
Suppose 2*r - 3*s - 163 = 0, 4*r - 296 = -12*s + 8*s. Let p = r - 8. What is the tens digit of p?
6
Let k(c) be the second derivative of -c**5/20 - 23*c**4/12 - c**3/3 + 23*c**2/2 + 78*c. What is the tens digit of k(-23)?
6
Let o = 22820 - -6266. What is the ten thousands digit of o?
2
Let v be (-560)/6*(-18)/(-12). Let z = -32 - v. Suppose 0*y = u + y - z, -y + 429 = 4*u. What is the units digit of u?
7
Suppose h + 94530 + 109728 = 5*r, -r + 40842 = -5*h. What is the ten thousands digit of r?
4
Let y = -2 - -12. Suppose -n = -4*x + 2801, -y = -4*n + 2. What is the tens digit of x?
0
Let m be (8*(-1)/3)/(28/(-42)). Suppose -1905 = m*w - 5233. What is the tens digit of w?
3
Let w(c) = -5*c**3 - 11*c**2 + 7*c + 1. What is the tens digit of w(-7)?
2
Let r = -27792 + 42771. What is the units digit of r?
9
Let b = -56 - -41. Let p be -6*(b/10 - -2). Let n = p - -21. What is the tens digit of n?
1
Suppose 139*p - 146*p = -630. Let b = 247 - p. What is the units digit of b?
7
Let j(q) = -38*q + 195. Let i be 8*((-9)/(-45))/((-12)/45). What is the units digit of j(i)?
3
Let d(v) = -v**3 + 6*v - 39 - 9*v**2 + 61 - 37. What is the units digit of d(-11)?
1
Let n(d) be the third derivative of -1/120*d**6 + 10*d**2 + 0 + 1/60*d**5 + 0*d + 1/24*d**4 + 1/2*d**3. What is the units digit of n(2)?
1
Suppose 0 = -86*f + 74206 + 108286. What is the tens digit of f?
2
Let c(n) = -6862*n**3 + n**2 - 5*n - 4. What is the thousands digit of c(-1)?
6
Let h = 52635 + -27857. What is the hundreds digit of h?
7
What is the tens digit of (219113/153)/(7/63)?
8
Let q(h) be the second derivative of -17*h**3/3 + 9*h**2 + 238*h. What is the tens digit of q(-10)?
5
Suppose 9*r - 116 - 55 = 0. Suppose r*g = 14*g - 5*d + 3475, g = -4*d + 689. What is the tens digit of g?
9
Suppose 5*n - 7 = m, n + m = -2*m - 5. Let z(r) = -r - 21. Let l be z(-20). What is the tens digit of (0 + n)*(91 + (0 - l))?
9
Suppose -b - 4*b = 835. Let i = 476 + b. Suppose -y + 206 = 5*u, 3*y - u = i + 245. What is the units digit of y?
6
What is the tens digit of 79479 + (14/(-21) - (-4 + (-50)/(-15)))?
7
What is the ten thousands digit of (-1099000)/(-105) + (-2)/3?
1
What is the tens digit of (-1)/(-4) - 19055869/(-668)?
2
Suppose t + 1 = 0, 6*r - 4*r = 5*t + 15. Let x(w) = -38*w + 2. Let d be x(-2). Suppose -3*q = -r*c + 276, -5*c - d = 3*q - 372. What is the tens digit of c?
5
What is the thousands digit of 16299/4 + 165/132?
4
Let m = -442 + 1106. Suppose -665*o + 952 = -m*o. What is the units digit of o?
2
Suppose 2*v + 26 = 3*h, -5 = -2*h + 5*v + 16. What is the units digit of 16/32 + 4132/h?
7
Let x be (-14210)/110 - -3 - 6/(-33). Let z = 857 + x. What is the units digit of z?
1
Let r(h) = h**3 + 25*h**2 - 142*h - 1. What is the tens digit of r(-20)?
3
Let r = 339 + -334. Suppose r*y - 97 = 343. What is the units digit of y?
8
Let y = 2115 + -891. Suppose 6*m + 2*m - y = 0. What is the hundreds digit of m?
1
Let b be 12 + -15 + -3 - (663 + -1). Let h = 108 - b. What is the tens digit of h?
7
Let o(c) = c**2 - 18*c - 22. Let u be (50/15)/((-2)/(-27)). Let b be 62/3 - (-5)/u*-6. What is the units digit of o(b)?
8
Let f = 135 + -127. Let t = 439 + f. What is the tens digit of t?
4
Suppose -22*j + 80 = -2*j. What is the tens digit of ((-760)/100)/(j/(-10))?
1
Let m = 59 + -49. Suppose m*l = 3*l + 1736. What is the tens digit of l?
4
Suppose -107*x + 32112 = -101*x. What is the tens digit of x/9 - 16/24?
9
Let c(o) = 589*o**2 + 47*o - 260. What is the tens digit of c(8)?
1
Suppose -15 = 2*h - 7*h. What is the tens digit of 6/(7766/2574 - (h - 0))?
5
Suppose 22555 = 5*j - 0*j + 3*k, 3*k + 18017 = 4*j. What is the hundreds digit of j?
5
Suppose 0 = -3*p - 2*m + 1 + 1, 5*p - 4*m - 40 = 0. Suppose 42 = p*f - 22. Suppose 0 = 4*w - f, v + 3*w = -14 + 238. What is the tens digit of v?
1
Let w = -1909 - -376. Let d = w - -3050. What is the thousands digit of d?
1
Let p(i) = -47*i**2 + 2*i + 2731. What is the units digit of p(0)?
1
Let q = -4759 + 37161. What is the units digit of q?
2
Suppose 0 = 29560*n - 29571*n + 88440. What is the hundreds digit of n?
0
Suppose -68 = -5*t + 37. Let l = t + -17. Suppose l*m + 468 = 10*m. What is the units digit of m?
8
Suppose 55*t - 50*t = 13480. Suppose 0 = 16*w - 8*w - t. What is the hundreds digit of w?
3
Let y(x) = x**2 + x + 3. Let s be y(-2). Suppose -22 = -s*t + 118. Suppose t = c - 80. What is the tens digit of c?
0
Let d = 484 - 435. Suppose -1540 = 44*u - d*u. What is the tens digit of u?
0
Let w(t) = 2*t**3 - 12*t**2 + 3*t + 4. Suppose -88 = 73*y - 84*y. What is the tens digit of w(y)?
8
Suppose -5*g - 10 = 0, 15*b - 3*g = 19*b - 60594. What is the units digit of b?
0
Let h be 76/6*-3*1/(-2). Suppose -3*n + 4*d + h = 0, 5*d = -0*d + 10. Let i = n - -197. What is the units digit of i?
6
Let v be (18/(-15))/(2/(-30)). Suppose v*x + 1518 = 5424. What is the tens digit of x?
1
Let k be ((-1024)/(-5))/((-28)/(-140)). Let g = -201 + k. What is the tens digit of g?
2
Suppose -j - 4*d + 415 = -58, 0 = 3*j + 3*d - 1446. Suppose -15*x + 20*x = j. What is the tens digit of x?
9
Let n = 9916 - -302. Suppose -n = 165*m - 178*m. What is the units digit of m?
6
What is the units digit of 62/(-837) - (6 - (-795233)/(-27))?
7
Let u(q) = -q**2 + 13*q + 91. Let b be u(17). Suppose -4901 + 27763 = b*a. What is the hundreds digit of a?
9
Suppose -y + 0*y = 2, 4*q - 2*